{"id":1175,"date":"2020-12-25T19:26:23","date_gmt":"2020-12-25T19:26:23","guid":{"rendered":"http:\/\/epacartagena.gov.co\/web\/?page_id=1175"},"modified":"2025-07-10T15:38:43","modified_gmt":"2025-07-10T20:38:43","slug":"sistema-de-gestion-calidad","status":"publish","type":"page","link":"https:\/\/epacartagena.gov.co\/web\/sistema-de-gestion-calidad\/","title":{"rendered":"Sistema de Gesti\u00f3n Calidad"},"content":{"rendered":"\n<p>El Sistema de Gesti\u00f3n Calidad que pretende dise\u00f1ar e implementar el Establecimiento P\u00fablico Ambiental, m\u00e1s all\u00e1 de ser una meta establecida en nuestro plan de acci\u00f3n, es una decisi\u00f3n estrat\u00e9gica que permite planear, ejecutar, controlar y mejorar nuestra gesti\u00f3n interna, con el \u00fanico prop\u00f3sito de procurar en todas las actividades un manejo eficiente de los recursos, logrando con ello el cumplimiento pleno de nuestra misi\u00f3n.<\/p>\n\n\n\n<p>Este Sistema representa la herramienta base para garantizar que todas las acciones est\u00e1n encaminadas a la satisfacci\u00f3n de expectativas por encima de lo esperado por nuestros grupos de inter\u00e9s<\/p>\n\n\n\n<figure class=\"wp-block-image size-large\"><img loading=\"lazy\" decoding=\"async\" width=\"1024\" height=\"779\" src=\"https:\/\/epacartagena.gov.co\/web\/wp-content\/uploads\/2023\/06\/Diagrama-de-Gestion-1024x779.png\" alt=\"\" class=\"wp-image-10972\" srcset=\"https:\/\/epacartagena.gov.co\/web\/wp-content\/uploads\/2023\/06\/Diagrama-de-Gestion-1024x779.png 1024w, https:\/\/epacartagena.gov.co\/web\/wp-content\/uploads\/2023\/06\/Diagrama-de-Gestion-300x228.png 300w, https:\/\/epacartagena.gov.co\/web\/wp-content\/uploads\/2023\/06\/Diagrama-de-Gestion-768x585.png 768w, https:\/\/epacartagena.gov.co\/web\/wp-content\/uploads\/2023\/06\/Diagrama-de-Gestion-1536x1169.png 1536w, https:\/\/epacartagena.gov.co\/web\/wp-content\/uploads\/2023\/06\/Diagrama-de-Gestion-2048x1559.png 2048w\" sizes=\"auto, (max-width: 1024px) 100vw, 1024px\" \/><\/figure>\n\n\n\n<div class=\"wp-block-file\"><a id=\"wp-block-file--media-61d494c6-8ca6-475b-aa82-f10bbe36ae12\" href=\"https:\/\/epacartagena.gov.co\/web\/wp-content\/uploads\/2023\/06\/PL-GD-004-DIAGRAMA-DE-GESTIOiN-POR-PROCESOS-EPA-CARTAGENA.pdf\">PL-GD-004 DIAGRAMA DE GESTIO\u00ecN POR PROCESOS EPA CARTAGENA<\/a><a href=\"https:\/\/epacartagena.gov.co\/web\/wp-content\/uploads\/2023\/06\/PL-GD-004-DIAGRAMA-DE-GESTIOiN-POR-PROCESOS-EPA-CARTAGENA.pdf\" class=\"wp-block-file__button wp-element-button\" download aria-describedby=\"wp-block-file--media-61d494c6-8ca6-475b-aa82-f10bbe36ae12\">Descarga<\/a><\/div>\n\n\n\n<p>Documentos relacionados:<\/p>\n\n\n\n<p><\/p>\n\n\n\n<ul class=\"wp-block-list\">\n<li><a href=\"https:\/\/epacartagena.gov.co\/web\/nosotros\/mision-y-vision\/\" target=\"_blank\" rel=\"noreferrer noopener\">Misi\u00f3n<\/a><\/li>\n\n\n\n<li><a href=\"https:\/\/epacartagena.gov.co\/web\/nosotros\/mision-y-vision\/\" target=\"_blank\" rel=\"noreferrer noopener\">Visi\u00f3n<\/a><\/li>\n\n\n\n<li><a href=\"https:\/\/epacartagena.gov.co\/web\/nosotros\/objetivos-estrategicos\/\" target=\"_blank\" rel=\"noreferrer noopener\">Objetivos estrat\u00e9gicos<\/a><\/li>\n\n\n\n<li><a href=\"https:\/\/epacartagena.gov.co\/web\/wp-content\/uploads\/2025\/07\/MANUAL-DE-PROCEDIMIENTOS-EPA-CARTAGENA-2024.pdf\" data-type=\"URL\" data-id=\"https:\/\/epacartagena.gov.co\/web\/wp-content\/uploads\/2023\/05\/MANUAL-DE-PROCEDIMIENTOS-EPA-CARTAGENA-ACTUALZIADO-2022.pdf\" target=\"_blank\" rel=\"noreferrer noopener\">Manual de Procesos y Procedimientos<\/a><\/li>\n<\/ul>\n\n\n\n<p><\/p>\n","protected":false},"excerpt":{"rendered":"<p>El Sistema de Gesti\u00f3n Calidad que pretende dise\u00f1ar e implementar el Establecimiento P\u00fablico Ambiental, m\u00e1s all\u00e1 de ser una meta establecida en nuestro plan de acci\u00f3n, es una decisi\u00f3n estrat\u00e9gica que permite planear, ejecutar, controlar y mejorar nuestra gesti\u00f3n interna, con el \u00fanico prop\u00f3sito de procurar en todas las actividades un manejo eficiente de los&#8230;<\/p>\n","protected":false},"author":1,"featured_media":0,"parent":0,"menu_order":0,"comment_status":"closed","ping_status":"closed","template":"","meta":{"_acf_changed":false,"_kad_post_transparent":"","_kad_post_title":"","_kad_post_layout":"","_kad_post_sidebar_id":"","_kad_post_content_style":"","_kad_post_vertical_padding":"","_kad_post_feature":"","_kad_post_feature_position":"","_kad_post_header":false,"_kad_post_footer":false,"_kad_post_classname":"","_vp_format_video_url":"","_vp_image_focal_point":[],"footnotes":""},"class_list":["post-1175","page","type-page","status-publish","hentry"],"acf":[],"_links":{"self":[{"href":"https:\/\/epacartagena.gov.co\/web\/wp-json\/wp\/v2\/pages\/1175","targetHints":{"allow":["GET"]}}],"collection":[{"href":"https:\/\/epacartagena.gov.co\/web\/wp-json\/wp\/v2\/pages"}],"about":[{"href":"https:\/\/epacartagena.gov.co\/web\/wp-json\/wp\/v2\/types\/page"}],"author":[{"embeddable":true,"href":"https:\/\/epacartagena.gov.co\/web\/wp-json\/wp\/v2\/users\/1"}],"replies":[{"embeddable":true,"href":"https:\/\/epacartagena.gov.co\/web\/wp-json\/wp\/v2\/comments?post=1175"}],"version-history":[{"count":27,"href":"https:\/\/epacartagena.gov.co\/web\/wp-json\/wp\/v2\/pages\/1175\/revisions"}],"predecessor-version":[{"id":28575,"href":"https:\/\/epacartagena.gov.co\/web\/wp-json\/wp\/v2\/pages\/1175\/revisions\/28575"}],"wp:attachment":[{"href":"https:\/\/epacartagena.gov.co\/web\/wp-json\/wp\/v2\/media?parent=1175"}],"curies":[{"name":"wp","href":"https:\/\/api.w.org\/{rel}","templated":true}]}}