{"id":2938,"date":"2021-04-13T15:13:10","date_gmt":"2021-04-13T20:13:10","guid":{"rendered":"http:\/\/epacartagena.gov.co\/web\/?page_id=2938"},"modified":"2026-03-18T15:14:50","modified_gmt":"2026-03-18T20:14:50","slug":"informes-al-concejo-distrital","status":"publish","type":"page","link":"https:\/\/epacartagena.gov.co\/web\/informes-al-concejo-distrital\/","title":{"rendered":"Informes al Concejo Distrital"},"content":{"rendered":"<style>.kb-row-layout-id2938_b10ca5-32 > .kt-row-column-wrap{align-content:start;}:where(.kb-row-layout-id2938_b10ca5-32 > .kt-row-column-wrap) > .wp-block-kadence-column{justify-content:start;}.kb-row-layout-id2938_b10ca5-32 > .kt-row-column-wrap{column-gap:var(--global-kb-gap-md, 2rem);row-gap:var(--global-kb-gap-md, 2rem);padding-top:var(--global-kb-spacing-md, 2rem);padding-right:var(--global-kb-spacing-sm, 1.5rem);padding-bottom:var(--global-kb-spacing-md, 2rem);padding-left:var(--global-kb-spacing-sm, 1.5rem);grid-template-columns:minmax(0, 1fr);}.kb-row-layout-id2938_b10ca5-32 > .kt-row-layout-overlay{opacity:0.30;}@media all and (max-width: 1024px){.kb-row-layout-id2938_b10ca5-32 > .kt-row-column-wrap{padding-right:var(--global-kb-spacing-xxs, 0.5rem);padding-left:var(--global-kb-spacing-xxs, 0.5rem);grid-template-columns:minmax(0, 1fr);}}@media all and (max-width: 767px){.kb-row-layout-id2938_b10ca5-32 > .kt-row-column-wrap{grid-template-columns:minmax(0, 1fr);}}<\/style><div class=\"kb-row-layout-wrap kb-row-layout-id2938_b10ca5-32 alignnone wp-block-kadence-rowlayout\"><div class=\"kt-row-column-wrap kt-has-1-columns kt-row-layout-equal kt-tab-layout-inherit kt-mobile-layout-row kt-row-valign-top\">\n<style>.kadence-column2938_c0d315-c5 > .kt-inside-inner-col,.kadence-column2938_c0d315-c5 > .kt-inside-inner-col:before{border-top-left-radius:0px;border-top-right-radius:0px;border-bottom-right-radius:0px;border-bottom-left-radius:0px;}.kadence-column2938_c0d315-c5 > .kt-inside-inner-col{column-gap:var(--global-kb-gap-sm, 1rem);}.kadence-column2938_c0d315-c5 > .kt-inside-inner-col{flex-direction:column;}.kadence-column2938_c0d315-c5 > .kt-inside-inner-col > .aligncenter{width:100%;}.kadence-column2938_c0d315-c5 > .kt-inside-inner-col:before{opacity:0.3;}.kadence-column2938_c0d315-c5{position:relative;}@media all and (max-width: 1024px){.kadence-column2938_c0d315-c5 > .kt-inside-inner-col{flex-direction:column;justify-content:center;}}@media all and (max-width: 767px){.kadence-column2938_c0d315-c5 > .kt-inside-inner-col{flex-direction:column;justify-content:center;}}<\/style>\n<div class=\"wp-block-kadence-column kadence-column2938_c0d315-c5\"><div class=\"kt-inside-inner-col\"><style>.kb-row-layout-id2938_fc903e-67 > .kt-row-column-wrap{align-content:start;}:where(.kb-row-layout-id2938_fc903e-67 > .kt-row-column-wrap) > .wp-block-kadence-column{justify-content:start;}.kb-row-layout-id2938_fc903e-67 > .kt-row-column-wrap{column-gap:var(--global-kb-gap-md, 2rem);row-gap:var(--global-kb-gap-sm, 1rem);grid-template-columns:minmax(0, 2fr) minmax(0, 1fr);}.kb-row-layout-id2938_fc903e-67 > .kt-row-layout-overlay{opacity:0.30;}@media all and (max-width: 1024px){.kb-row-layout-id2938_fc903e-67 > .kt-row-column-wrap{grid-template-columns:minmax(0, 1fr);}}@media all and (max-width: 767px){.kb-row-layout-id2938_fc903e-67 > .kt-row-column-wrap{grid-template-columns:minmax(0, 1fr);}}<\/style><div class=\"kb-row-layout-wrap kb-row-layout-id2938_fc903e-67 alignnone wp-block-kadence-rowlayout\"><div class=\"kt-row-column-wrap kt-has-2-columns kt-row-layout-left-golden kt-tab-layout-row kt-mobile-layout-row kt-row-valign-top kt-inner-column-height-full\">\n<style>.kadence-column2938_cc0de3-1d > .kt-inside-inner-col{padding-top:0px;padding-right:0px;padding-bottom:0px;padding-left:0px;}.kadence-column2938_cc0de3-1d > .kt-inside-inner-col,.kadence-column2938_cc0de3-1d > .kt-inside-inner-col:before{border-top-left-radius:2rem;border-top-right-radius:2rem;border-bottom-right-radius:2rem;border-bottom-left-radius:2rem;}.kadence-column2938_cc0de3-1d > .kt-inside-inner-col{column-gap:var(--global-kb-gap-sm, 1rem);}.kadence-column2938_cc0de3-1d > .kt-inside-inner-col{flex-direction:column;}.kadence-column2938_cc0de3-1d > .kt-inside-inner-col > .aligncenter{width:100%;}.kadence-column2938_cc0de3-1d > .kt-inside-inner-col:before{opacity:0.3;}.kadence-column2938_cc0de3-1d{position:relative;}@media all and (max-width: 1024px){.kadence-column2938_cc0de3-1d > .kt-inside-inner-col{flex-direction:column;justify-content:center;}}@media all and (max-width: 767px){.kadence-column2938_cc0de3-1d > .kt-inside-inner-col{flex-direction:column;justify-content:center;}}@media (min-width: 601px) {  .kadence-column2938_cc0de3-1d .wp-block-media-text {    grid-template-columns: 10% auto !important;  }}.kadence-column2938_cc0de3-1d .wp-block-media-text {    background: transtaprent;    border-radius: 1rem;    padding: 0;    margin-bottom: .5rem;}.kadence-column2938_cc0de3-1d .wp-block-media-text h2 , .kadence-column2938_cc0de3-1d .wp-block-media-text h3, .kadence-column2938_cc0de3-1d .wp-block-media-text h4{    font-size:28px;    color:var(--global-palette1);    margin: 0 0 .25rem 0;}.kadence-column2938_cc0de3-1d .wp-block-media-text p {    margin-bottom:.25rem;}.kadence-column2938_cc0de3-1d .wp-block-media-text p strong{    color: var(--global-palette4);} .kadence-column2938_cc0de3-1d .wp-block-media-text p strong a{    color: var(--global-palette4);}.kadence-column2938_cc0de3-1d .wp-block-media-text p a:hover{    color: var(--global-palette1);}.kadence-column2938_cc0de3-1d .wp-block-media-text>.wp-block-media-text__content {    padding: 0 2%;}@media (max-width: 600px) {  .kadence-column2938_cc0de3-1d .wp-block-media-text>.wp-block-media-text__content {      padding: 0 4%;  }}.wp-block-media-text>.wp-block-media-text__media {    background: var(--global-palette9);    border-radius: 50%;    border:solid 2px var(--global-palette1);}@media (max-width: 600px) {  .wp-block-media-text>.wp-block-media-text__media {      max-width: 100px;      margin-bottom:1rem;  }}.kadence-column2938_cc0de3-1d ol li {    margin-bottom: 1rem;    padding-left: 0.5em;    margin-left: -0.5em;    }.kadence-column2938_cc0de3-1d ol li::marker {  color: var(--global-palette2);  font-weight: 700;  font-size: 20px;}<\/style>\n<div class=\"wp-block-kadence-column kadence-column2938_cc0de3-1d\"><div class=\"kt-inside-inner-col\"><style>.kadence-column2938_a02d79-a0 > .kt-inside-inner-col{padding-top:var(--global-kb-spacing-lg, 3rem);padding-right:var(--global-kb-spacing-xs, 1rem);padding-bottom:var(--global-kb-spacing-sm, 1.5rem);padding-left:var(--global-kb-spacing-xs, 1rem);}.kadence-column2938_a02d79-a0 > .kt-inside-inner-col,.kadence-column2938_a02d79-a0 > .kt-inside-inner-col:before{border-top-left-radius:2rem;border-top-right-radius:2rem;border-bottom-right-radius:2rem;border-bottom-left-radius:2rem;}.kadence-column2938_a02d79-a0 > .kt-inside-inner-col{column-gap:var(--global-kb-gap-sm, 1rem);}.kadence-column2938_a02d79-a0 > .kt-inside-inner-col{flex-direction:column;}.kadence-column2938_a02d79-a0 > .kt-inside-inner-col > .aligncenter{width:100%;}.kadence-column2938_a02d79-a0 > .kt-inside-inner-col{background-color:#ebf4e6;}.kadence-column2938_a02d79-a0 > .kt-inside-inner-col:before{opacity:0.3;}.kadence-column2938_a02d79-a0{position:relative;}.kadence-column2938_a02d79-a0, .kt-inside-inner-col > .kadence-column2938_a02d79-a0:not(.specificity){margin-bottom:var(--global-kb-spacing-xs, 1rem);}@media all and (max-width: 1024px){.kadence-column2938_a02d79-a0 > .kt-inside-inner-col{flex-direction:column;justify-content:center;}}@media all and (max-width: 767px){.kadence-column2938_a02d79-a0 > .kt-inside-inner-col{flex-direction:column;justify-content:center;}}<\/style>\n<div class=\"wp-block-kadence-column kadence-column2938_a02d79-a0\" id=\"c\"><div class=\"kt-inside-inner-col\"><style>.wp-block-kadence-advancedheading.kt-adv-heading2938_9be132-b5, .wp-block-kadence-advancedheading.kt-adv-heading2938_9be132-b5[data-kb-block=\"kb-adv-heading2938_9be132-b5\"]{padding-bottom:var(--global-kb-spacing-xs, 1rem);padding-left:var(--global-kb-spacing-xs, 1rem);margin-bottom:0px;font-size:27px;line-height:1.2;font-style:normal;color:#549911;}.wp-block-kadence-advancedheading.kt-adv-heading2938_9be132-b5 mark.kt-highlight, .wp-block-kadence-advancedheading.kt-adv-heading2938_9be132-b5[data-kb-block=\"kb-adv-heading2938_9be132-b5\"] mark.kt-highlight{font-style:normal;color:#f76a0c;-webkit-box-decoration-break:clone;box-decoration-break:clone;padding-top:0px;padding-right:0px;padding-bottom:0px;padding-left:0px;}.wp-block-kadence-advancedheading.kt-adv-heading2938_9be132-b5 img.kb-inline-image, .wp-block-kadence-advancedheading.kt-adv-heading2938_9be132-b5[data-kb-block=\"kb-adv-heading2938_9be132-b5\"] img.kb-inline-image{width:150px;vertical-align:baseline;}@media all and (max-width: 767px){.wp-block-kadence-advancedheading.kt-adv-heading2938_9be132-b5, .wp-block-kadence-advancedheading.kt-adv-heading2938_9be132-b5[data-kb-block=\"kb-adv-heading2938_9be132-b5\"]{font-size:22px;}}<\/style>\n<h2 class=\"kt-adv-heading2938_9be132-b5 wp-block-kadence-advancedheading\" data-kb-block=\"kb-adv-heading2938_9be132-b5\">Informes al Concejo Distrital<\/h2>\n\n\n<style>.kadence-column2938_d52e14-23 > .kt-inside-inner-col{padding-top:37px;padding-right:37px;padding-bottom:37px;padding-left:37px;}.kadence-column2938_d52e14-23 > .kt-inside-inner-col,.kadence-column2938_d52e14-23 > .kt-inside-inner-col:before{border-top-left-radius:24px;border-top-right-radius:24px;border-bottom-right-radius:24px;border-bottom-left-radius:24px;}.kadence-column2938_d52e14-23 > .kt-inside-inner-col{column-gap:var(--global-kb-gap-sm, 1rem);}.kadence-column2938_d52e14-23 > .kt-inside-inner-col{flex-direction:column;}.kadence-column2938_d52e14-23 > .kt-inside-inner-col > .aligncenter{width:100%;}.kadence-column2938_d52e14-23 > .kt-inside-inner-col{background-color:#ffffff;}.kadence-column2938_d52e14-23 > .kt-inside-inner-col:before{opacity:0.3;}.kadence-column2938_d52e14-23{position:relative;}@media all and (max-width: 1024px){.kadence-column2938_d52e14-23 > .kt-inside-inner-col{flex-direction:column;justify-content:center;}}@media all and (max-width: 767px){.kadence-column2938_d52e14-23 > .kt-inside-inner-col{flex-direction:column;justify-content:center;}}<\/style>\n<div class=\"wp-block-kadence-column kadence-column2938_d52e14-23\"><div class=\"kt-inside-inner-col\">\n<p>En esta secci\u00f3n podr\u00e1s consultar los informes presentados por el EPA Cartagena al Concejo Distrital de Cartagena.<\/p>\n<\/div><\/div>\n<\/div><\/div>\n\n\n<style>.kadence-column2938_5dc620-7a > .kt-inside-inner-col{padding-top:var(--global-kb-spacing-lg, 3rem);padding-right:var(--global-kb-spacing-xs, 1rem);padding-bottom:var(--global-kb-spacing-sm, 1.5rem);padding-left:var(--global-kb-spacing-xs, 1rem);}.kadence-column2938_5dc620-7a > .kt-inside-inner-col,.kadence-column2938_5dc620-7a > .kt-inside-inner-col:before{border-top-left-radius:2rem;border-top-right-radius:2rem;border-bottom-right-radius:2rem;border-bottom-left-radius:2rem;}.kadence-column2938_5dc620-7a > .kt-inside-inner-col{column-gap:var(--global-kb-gap-sm, 1rem);}.kadence-column2938_5dc620-7a > .kt-inside-inner-col{flex-direction:column;}.kadence-column2938_5dc620-7a > .kt-inside-inner-col > .aligncenter{width:100%;}.kadence-column2938_5dc620-7a > .kt-inside-inner-col{background-color:#ebf9fa;}.kadence-column2938_5dc620-7a > .kt-inside-inner-col:before{opacity:0.3;}.kadence-column2938_5dc620-7a{position:relative;}.kadence-column2938_5dc620-7a, .kt-inside-inner-col > .kadence-column2938_5dc620-7a:not(.specificity){margin-bottom:var(--global-kb-spacing-xs, 1rem);}@media all and (max-width: 1024px){.kadence-column2938_5dc620-7a > .kt-inside-inner-col{flex-direction:column;justify-content:center;}}@media all and (max-width: 767px){.kadence-column2938_5dc620-7a > .kt-inside-inner-col{flex-direction:column;justify-content:center;}}<\/style>\n<div class=\"wp-block-kadence-column kadence-column2938_5dc620-7a\"><div class=\"kt-inside-inner-col\"><style>.kadence-column2938_e6a56e-b6 > .kt-inside-inner-col{padding-top:37px;padding-right:37px;padding-bottom:37px;padding-left:37px;}.kadence-column2938_e6a56e-b6 > .kt-inside-inner-col,.kadence-column2938_e6a56e-b6 > .kt-inside-inner-col:before{border-top-left-radius:24px;border-top-right-radius:24px;border-bottom-right-radius:24px;border-bottom-left-radius:24px;}.kadence-column2938_e6a56e-b6 > .kt-inside-inner-col{column-gap:var(--global-kb-gap-sm, 1rem);}.kadence-column2938_e6a56e-b6 > .kt-inside-inner-col{flex-direction:column;}.kadence-column2938_e6a56e-b6 > .kt-inside-inner-col > .aligncenter{width:100%;}.kadence-column2938_e6a56e-b6 > .kt-inside-inner-col{background-color:#ffffff;}.kadence-column2938_e6a56e-b6 > .kt-inside-inner-col:before{opacity:0.3;}.kadence-column2938_e6a56e-b6{position:relative;}@media all and (max-width: 1024px){.kadence-column2938_e6a56e-b6 > .kt-inside-inner-col{flex-direction:column;justify-content:center;}}@media all and (max-width: 767px){.kadence-column2938_e6a56e-b6 > .kt-inside-inner-col{flex-direction:column;justify-content:center;}}<\/style>\n<div class=\"wp-block-kadence-column kadence-column2938_e6a56e-b6\"><div class=\"kt-inside-inner-col\">\n<figure class=\"wp-block-table is-style-stripes\"><table><tbody><tr><td><a href=\"https:\/\/epacartagena.gov.co\/web\/wp-content\/uploads\/2026\/03\/INFORME DE GESTION EPA CARTAGENA ENERO-SEPTIEMBRE 2025-06-10-2025[1].pdf\">informe de gesti\u00f3n EPA a corte de septiembre de 2025 \u2013 Concejo Distrital<\/a><\/td><td>18\/03\/2026<\/td><\/tr><tr><td><a href=\"https:\/\/epacartagena.gov.co\/web\/wp-content\/uploads\/2025\/08\/2025-Mar5-Informe-retroal-Concejo.pdf\">Informe de Retroalimentaci\u00f3n al Concejo \u2013 2025<\/a><\/td><td>11\/08\/2025<\/td><\/tr><tr><td><a href=\"https:\/\/epacartagena.gov.co\/web\/wp-content\/uploads\/2025\/08\/2025-jun5-Informe-Concejo-art-41.pdf\">Informe de Gesti\u00f3n al Concejo Distrital de Cartagena de Indias &#8211; 2025<\/a><\/td><td>11\/08\/2025<\/td><\/tr><tr><td><a href=\"https:\/\/epacartagena.gov.co\/web\/wp-content\/uploads\/2024\/10\/2024-Oct-Informe-retroal-Concejo.pdf\">Informe de Retroalimentaci\u00f3n al Concejo &#8211; 2024<\/a><\/td><td>04\/10\/2024<\/td><\/tr><tr><td><a href=\"https:\/\/epacartagena.gov.co\/web\/wp-content\/uploads\/2024\/06\/2024-Marzo-Informe-retroal-Concejo.pdf\">Informe de Retroalimentaci\u00f3n al Concejo &#8211; 2024<\/a><\/td><td>31\/03\/2024<\/td><\/tr><tr><td><a href=\"https:\/\/epacartagena.gov.co\/web\/wp-content\/uploads\/2024\/06\/2024-jun-Informe-Gestion-Concejo-OACI.pdf\">Informe de Gestion al Concejo Distrital de Cartagena de Indias 2024<\/a><\/td><td>30\/06\/2024<\/td><\/tr><tr><td><a href=\"https:\/\/epacartagena.gov.co\/web\/wp-content\/uploads\/2024\/06\/2023-1jun-Informe-Gestion-Concejo-OACI.pdf\">Informe de Gesti\u00f3n al Concejo Distrital de Cartagena de Indias 2023<\/a><\/td><td>30\/06\/2023<\/td><\/tr><tr><td><a href=\"https:\/\/epacartagena.gov.co\/web\/wp-content\/uploads\/2023\/08\/2023-Marzo-Informe-retroal-Concejo.pdf\" data-type=\"URL\" data-id=\"https:\/\/epacartagena.gov.co\/web\/wp-content\/uploads\/2023\/08\/2023-Marzo-Informe-retroal-Concejo.pdf\" target=\"_blank\" rel=\"noreferrer noopener\">Informe de Retroalimentaci\u00f3n al concejo &#8211; 2023<\/a><\/td><td>1\/08\/2023<\/td><\/tr><tr><td><a href=\"https:\/\/epacartagena.gov.co\/web\/wp-content\/uploads\/2023\/08\/2023-Jun-Informe-Gestion-Concejo-OACI.pdf\" data-type=\"URL\" data-id=\"https:\/\/epacartagena.gov.co\/web\/wp-content\/uploads\/2023\/08\/2023-Jun-Informe-Gestion-Concejo-OACI.pdf\" target=\"_blank\" rel=\"noreferrer noopener\">Informe de Gesti\u00f3n al Concejo Distrital de Cartagena&nbsp;de&nbsp;Indias &#8211; 2023<\/a><\/td><td>1\/08\/2023<\/td><\/tr><tr><td><a href=\"https:\/\/epacartagena.gov.co\/web\/wp-content\/uploads\/2022\/09\/2022MA1.pdf\" target=\"_blank\" rel=\"noreferrer noopener\">Informe de Retroalimentaci\u00f3n al concejo &#8211; 2022<\/a><\/td><td>31\/03\/2022<\/td><\/tr><tr><td><a href=\"https:\/\/epacartagena.gov.co\/web\/wp-content\/uploads\/2022\/09\/INFORME-AL-CONCEJO-JUNIO-2022.pdf\" target=\"_blank\" rel=\"noreferrer noopener\">Informe de Seguimiento a la Gesti\u00f3n Presupuestal al concejo &#8211; 2022<\/a><\/td><td>30\/06\/2022<\/td><\/tr><tr><td><a href=\"https:\/\/epacartagena.gov.co\/web\/wp-content\/uploads\/2022\/09\/INFORME-AL-CONCEJO-OCTUBRE-2021.pdf\" target=\"_blank\" rel=\"noreferrer noopener\">Informe de Retroalimentaci\u00f3n al concejo &#8211; octubre 2021 <\/a><\/td><td>31\/10\/2021<\/td><\/tr><tr><td><a href=\"https:\/\/epacartagena.gov.co\/web\/wp-content\/uploads\/2022\/09\/INFORME-AL-CONCEJO-JUNIO-2021.pdf\" target=\"_blank\" rel=\"noreferrer noopener\">Informe de Seguimiento a la Gesti\u00f3n Presupuestal al concejo &#8211; 2021<\/a> <\/td><td>30\/06\/2021<\/td><\/tr><tr><td><a href=\"https:\/\/epacartagena.gov.co\/web\/wp-content\/uploads\/2022\/09\/INFORME-AL-CONCEJO-MARZO-2021.pdf\" data-type=\"URL\" data-id=\"https:\/\/epacartagena.gov.co\/web\/wp-content\/uploads\/2022\/09\/INFORME-AL-CONCEJO-MARZO-2021.pdf\">Informe de Retroalimentaci\u00f3n al concejo &#8211; marzo 2021 <\/a><\/td><td>31\/03\/2021<\/td><\/tr><tr><td><a href=\"https:\/\/epacartagena.gov.co\/web\/wp-content\/uploads\/2021\/02\/INFORME-CONCEJO-DISTRITAL-JUNIO-2019.pdf\" target=\"_blank\" rel=\"noreferrer noopener\">Informe de Retroalimentaci\u00f3n al concejo &#8211; 2019<\/a><\/td><td>26\/08\/2019<\/td><\/tr><tr><td><a href=\"https:\/\/epacartagena.gov.co\/web\/wp-content\/uploads\/2021\/02\/INFORME-DE-SEGUIMIENTO-A-LA-EJECUCION-PRESUPUESTAL.pdf\" target=\"_blank\" rel=\"noreferrer noopener\">Informe de Seguimiento a la Gesti\u00f3n Presupuestal al concejo &#8211; 2018<\/a><\/td><td>06\/09\/2018<\/td><\/tr><tr><td><a href=\"http:\/\/epacartagena.gov.co\/wp-content\/uploads\/2019\/08\/INFORME-CONCEJO-DISTRITAL-DE-CARTAGENA-11-10-2018.pdf\" target=\"_blank\" rel=\"noreferrer noopener\">Informe de Retroalimentaci\u00f3n al concejo &#8211; 2018<\/a><\/td><td>26\/08\/2019<\/td><\/tr><\/tbody><\/table><\/figure>\n<\/div><\/div>\n<\/div><\/div>\n<\/div><\/div>\n\n\n<style>.kadence-column2938_d0d9ff-b5 > .kt-inside-inner-col{display:flex;}.kadence-column2938_d0d9ff-b5 > .kt-inside-inner-col{min-height:600px;}.kadence-column2938_d0d9ff-b5 > .kt-inside-inner-col,.kadence-column2938_d0d9ff-b5 > .kt-inside-inner-col:before{border-top-left-radius:2rem;border-top-right-radius:2rem;border-bottom-right-radius:2rem;border-bottom-left-radius:2rem;}.kadence-column2938_d0d9ff-b5 > .kt-inside-inner-col{column-gap:var(--global-kb-gap-sm, 1rem);}.kadence-column2938_d0d9ff-b5 > .kt-inside-inner-col{flex-direction:column;justify-content:flex-start;}.kadence-column2938_d0d9ff-b5 > .kt-inside-inner-col > .aligncenter{width:100%;}.kt-row-column-wrap > .kadence-column2938_d0d9ff-b5{align-self:flex-start;}.kt-inner-column-height-full:not(.kt-has-1-columns) > .wp-block-kadence-column.kadence-column2938_d0d9ff-b5{align-self:auto;}.kt-inner-column-height-full:not(.kt-has-1-columns) > .wp-block-kadence-column.kadence-column2938_d0d9ff-b5 > .kt-inside-inner-col{flex-direction:column;justify-content:flex-start;}.kadence-column2938_d0d9ff-b5 > .kt-inside-inner-col:before{opacity:0.3;}.kadence-column2938_d0d9ff-b5{position:relative;}@media all and (max-width: 1024px){.kt-row-column-wrap > .kadence-column2938_d0d9ff-b5{align-self:flex-start;}}@media all and (max-width: 1024px){.kt-inner-column-height-full:not(.kt-has-1-columns) > .wp-block-kadence-column.kadence-column2938_d0d9ff-b5{align-self:auto;}}@media all and (max-width: 1024px){.kt-inner-column-height-full:not(.kt-has-1-columns) > .wp-block-kadence-column.kadence-column2938_d0d9ff-b5 > .kt-inside-inner-col{flex-direction:column;justify-content:flex-start;}}@media all and (max-width: 1024px){.kadence-column2938_d0d9ff-b5 > .kt-inside-inner-col{flex-direction:column;justify-content:flex-start;}}@media all and (max-width: 767px){.kt-row-column-wrap > .kadence-column2938_d0d9ff-b5{align-self:flex-start;}.kt-inner-column-height-full:not(.kt-has-1-columns) > .wp-block-kadence-column.kadence-column2938_d0d9ff-b5{align-self:auto;}.kt-inner-column-height-full:not(.kt-has-1-columns) > .wp-block-kadence-column.kadence-column2938_d0d9ff-b5 > .kt-inside-inner-col{flex-direction:column;justify-content:flex-start;}.kadence-column2938_d0d9ff-b5 > .kt-inside-inner-col{flex-direction:column;justify-content:flex-start;}}<\/style>\n<div class=\"wp-block-kadence-column kadence-column2938_d0d9ff-b5\"><div class=\"kt-inside-inner-col\">\n<figure class=\"wp-block-image size-full has-custom-border\"><img loading=\"lazy\" decoding=\"async\" width=\"682\" height=\"1024\" src=\"https:\/\/epacartagena.gov.co\/web\/wp-content\/uploads\/2025\/06\/img-calle-artilleria2-3.jpg\" alt=\"\" class=\"wp-image-28021\" style=\"border-style:none;border-width:0px;border-radius:32px\" srcset=\"https:\/\/epacartagena.gov.co\/web\/wp-content\/uploads\/2025\/06\/img-calle-artilleria2-3.jpg 682w, https:\/\/epacartagena.gov.co\/web\/wp-content\/uploads\/2025\/06\/img-calle-artilleria2-3-200x300.jpg 200w, https:\/\/epacartagena.gov.co\/web\/wp-content\/uploads\/2025\/06\/img-calle-artilleria2-3-500x751.jpg 500w\" sizes=\"auto, (max-width: 682px) 100vw, 682px\" \/><\/figure>\n<\/div><\/div>\n\n<\/div><\/div><\/div><\/div>\n\n<\/div><\/div>","protected":false},"excerpt":{"rendered":"<p>Informes al Concejo Distrital En esta secci\u00f3n podr\u00e1s consultar los informes presentados por el EPA Cartagena al Concejo Distrital de Cartagena. informe de gesti\u00f3n EPA a corte de septiembre de 2025 \u2013 Concejo Distrital 18\/03\/2026 Informe de Retroalimentaci\u00f3n al Concejo \u2013 2025 11\/08\/2025 Informe de Gesti\u00f3n al Concejo Distrital de Cartagena de Indias &#8211; 2025&#8230;<\/p>\n","protected":false},"author":1,"featured_media":0,"parent":0,"menu_order":0,"comment_status":"closed","ping_status":"closed","template":"","meta":{"_acf_changed":false,"_kad_post_transparent":"","_kad_post_title":"","_kad_post_layout":"fullwidth","_kad_post_sidebar_id":"","_kad_post_content_style":"unboxed","_kad_post_vertical_padding":"hide","_kad_post_feature":"","_kad_post_feature_position":"","_kad_post_header":false,"_kad_post_footer":false,"_kad_post_classname":"","_vp_format_video_url":"","_vp_image_focal_point":[],"footnotes":""},"class_list":["post-2938","page","type-page","status-publish","hentry"],"acf":[],"_links":{"self":[{"href":"https:\/\/epacartagena.gov.co\/web\/wp-json\/wp\/v2\/pages\/2938","targetHints":{"allow":["GET"]}}],"collection":[{"href":"https:\/\/epacartagena.gov.co\/web\/wp-json\/wp\/v2\/pages"}],"about":[{"href":"https:\/\/epacartagena.gov.co\/web\/wp-json\/wp\/v2\/types\/page"}],"author":[{"embeddable":true,"href":"https:\/\/epacartagena.gov.co\/web\/wp-json\/wp\/v2\/users\/1"}],"replies":[{"embeddable":true,"href":"https:\/\/epacartagena.gov.co\/web\/wp-json\/wp\/v2\/comments?post=2938"}],"version-history":[{"count":21,"href":"https:\/\/epacartagena.gov.co\/web\/wp-json\/wp\/v2\/pages\/2938\/revisions"}],"predecessor-version":[{"id":34520,"href":"https:\/\/epacartagena.gov.co\/web\/wp-json\/wp\/v2\/pages\/2938\/revisions\/34520"}],"wp:attachment":[{"href":"https:\/\/epacartagena.gov.co\/web\/wp-json\/wp\/v2\/media?parent=2938"}],"curies":[{"name":"wp","href":"https:\/\/api.w.org\/{rel}","templated":true}]}}