{"id":606,"date":"2020-12-23T01:49:46","date_gmt":"2020-12-23T01:49:46","guid":{"rendered":"http:\/\/epacartagena.gov.co\/web\/?page_id=606"},"modified":"2020-12-25T01:46:44","modified_gmt":"2020-12-25T01:46:44","slug":"participacion-ciudadana","status":"publish","type":"page","link":"https:\/\/epacartagena.gov.co\/web\/servicio-al-ciudadano\/participacion-ciudadana\/","title":{"rendered":"Siga su correspondencia"},"content":{"rendered":"\n<h2 class=\"wp-block-heading\">CONSULTE EL ESTADO DE SU PQRS<\/h2>\n\n\n\n<p>Toda persona tiene derecho a que en el Establecimiento Publico Ambiental de Cartagena EPA se le reciba, tramite y resuelva quejas o reclamos en relaci\u00f3n con el cumplimiento de la misi\u00f3n de la entidad, pueden formularse en forma verbal o por escrito o mediante la p\u00e1gina Web de la entidad. La radicaci\u00f3n se har\u00e1 a trav\u00e9s de nuestro sistema de correspondencia e informaci\u00f3n&nbsp;<strong>SIGOB&nbsp;<\/strong>en el que quedara constancia de: fecha y hora de recibo, nombre del quejoso y su identificaci\u00f3n, anexos, dependencia o funcionario a qui\u00e9n se dirige, n\u00famero y fecha de oficio de la petici\u00f3n que fue radicada.<\/p>\n\n\n\n<h3 class=\"wp-block-heading\">&nbsp;<a href=\"https:\/\/app.cartagena.gov.co\/SeguimientoCorrespondencia\/\" target=\"_blank\" rel=\"noreferrer noopener\">Siga su Correspondencia Aqu\u00ed<\/a><\/h3>\n\n\n\n<p><\/p>\n","protected":false},"excerpt":{"rendered":"<p>CONSULTE EL ESTADO DE SU PQRS Toda persona tiene derecho a que en el Establecimiento Publico Ambiental de Cartagena EPA se le reciba, tramite y resuelva quejas o reclamos en relaci\u00f3n con el cumplimiento de la misi\u00f3n de la entidad, pueden formularse en forma verbal o por escrito o mediante la p\u00e1gina Web de la&#8230;<\/p>\n","protected":false},"author":1,"featured_media":0,"parent":519,"menu_order":0,"comment_status":"closed","ping_status":"closed","template":"","meta":{"_acf_changed":false,"_kad_post_transparent":"","_kad_post_title":"","_kad_post_layout":"","_kad_post_sidebar_id":"","_kad_post_content_style":"","_kad_post_vertical_padding":"","_kad_post_feature":"","_kad_post_feature_position":"","_kad_post_header":false,"_kad_post_footer":false,"_kad_post_classname":"","_vp_format_video_url":"","_vp_image_focal_point":[],"footnotes":""},"class_list":["post-606","page","type-page","status-publish","hentry"],"acf":[],"_links":{"self":[{"href":"https:\/\/epacartagena.gov.co\/web\/wp-json\/wp\/v2\/pages\/606","targetHints":{"allow":["GET"]}}],"collection":[{"href":"https:\/\/epacartagena.gov.co\/web\/wp-json\/wp\/v2\/pages"}],"about":[{"href":"https:\/\/epacartagena.gov.co\/web\/wp-json\/wp\/v2\/types\/page"}],"author":[{"embeddable":true,"href":"https:\/\/epacartagena.gov.co\/web\/wp-json\/wp\/v2\/users\/1"}],"replies":[{"embeddable":true,"href":"https:\/\/epacartagena.gov.co\/web\/wp-json\/wp\/v2\/comments?post=606"}],"version-history":[{"count":0,"href":"https:\/\/epacartagena.gov.co\/web\/wp-json\/wp\/v2\/pages\/606\/revisions"}],"up":[{"embeddable":true,"href":"https:\/\/epacartagena.gov.co\/web\/wp-json\/wp\/v2\/pages\/519"}],"wp:attachment":[{"href":"https:\/\/epacartagena.gov.co\/web\/wp-json\/wp\/v2\/media?parent=606"}],"curies":[{"name":"wp","href":"https:\/\/api.w.org\/{rel}","templated":true}]}}