{"id":707,"date":"2020-12-23T04:10:32","date_gmt":"2020-12-23T04:10:32","guid":{"rendered":"http:\/\/epacartagena.gov.co\/web\/?page_id=707"},"modified":"2025-05-22T09:03:24","modified_gmt":"2025-05-22T14:03:24","slug":"jurisdiccion","status":"publish","type":"page","link":"https:\/\/epacartagena.gov.co\/web\/nosotros\/jurisdiccion\/","title":{"rendered":"Jurisdicci\u00f3n"},"content":{"rendered":"<style>.kb-row-layout-id707_3f08f6-54 > .kt-row-column-wrap{align-content:start;}:where(.kb-row-layout-id707_3f08f6-54 > .kt-row-column-wrap) > .wp-block-kadence-column{justify-content:start;}.kb-row-layout-id707_3f08f6-54 > .kt-row-column-wrap{column-gap:var(--global-kb-gap-md, 2rem);row-gap:var(--global-kb-gap-md, 2rem);padding-top:var(--global-kb-spacing-md, 2rem);padding-right:var(--global-kb-spacing-sm, 1.5rem);padding-bottom:var(--global-kb-spacing-md, 2rem);padding-left:var(--global-kb-spacing-sm, 1.5rem);grid-template-columns:minmax(0, 1fr);}.kb-row-layout-id707_3f08f6-54 > .kt-row-layout-overlay{opacity:0.30;}@media all and (max-width: 1024px){.kb-row-layout-id707_3f08f6-54 > .kt-row-column-wrap{padding-right:var(--global-kb-spacing-xxs, 0.5rem);padding-left:var(--global-kb-spacing-xxs, 0.5rem);grid-template-columns:minmax(0, 1fr);}}@media all and (max-width: 767px){.kb-row-layout-id707_3f08f6-54 > .kt-row-column-wrap{grid-template-columns:minmax(0, 1fr);}}<\/style><div class=\"kb-row-layout-wrap kb-row-layout-id707_3f08f6-54 alignnone wp-block-kadence-rowlayout\"><div class=\"kt-row-column-wrap kt-has-1-columns kt-row-layout-equal kt-tab-layout-inherit kt-mobile-layout-row kt-row-valign-top\">\n<style>.kadence-column707_705e55-b7 > .kt-inside-inner-col,.kadence-column707_705e55-b7 > .kt-inside-inner-col:before{border-top-left-radius:0px;border-top-right-radius:0px;border-bottom-right-radius:0px;border-bottom-left-radius:0px;}.kadence-column707_705e55-b7 > .kt-inside-inner-col{column-gap:var(--global-kb-gap-sm, 1rem);}.kadence-column707_705e55-b7 > .kt-inside-inner-col{flex-direction:column;}.kadence-column707_705e55-b7 > .kt-inside-inner-col > .aligncenter{width:100%;}.kadence-column707_705e55-b7 > .kt-inside-inner-col:before{opacity:0.3;}.kadence-column707_705e55-b7{position:relative;}@media all and (max-width: 1024px){.kadence-column707_705e55-b7 > .kt-inside-inner-col{flex-direction:column;justify-content:center;}}@media all and (max-width: 767px){.kadence-column707_705e55-b7 > .kt-inside-inner-col{flex-direction:column;justify-content:center;}}<\/style>\n<div class=\"wp-block-kadence-column kadence-column707_705e55-b7\"><div class=\"kt-inside-inner-col\"><style>.kb-row-layout-id707_d20e62-e0 > .kt-row-column-wrap{align-content:start;}:where(.kb-row-layout-id707_d20e62-e0 > .kt-row-column-wrap) > .wp-block-kadence-column{justify-content:start;}.kb-row-layout-id707_d20e62-e0 > .kt-row-column-wrap{column-gap:var(--global-kb-gap-md, 2rem);row-gap:var(--global-kb-gap-md, 2rem);grid-template-columns:minmax(0, 2fr) minmax(0, 1fr);}.kb-row-layout-id707_d20e62-e0 > .kt-row-layout-overlay{opacity:0.30;}@media all and (max-width: 1024px){.kb-row-layout-id707_d20e62-e0 > .kt-row-column-wrap{grid-template-columns:minmax(0, 1fr);}}@media all and (max-width: 767px){.kb-row-layout-id707_d20e62-e0 > .kt-row-column-wrap{grid-template-columns:minmax(0, 1fr);}}<\/style><div class=\"kb-row-layout-wrap kb-row-layout-id707_d20e62-e0 alignnone wp-block-kadence-rowlayout\"><div class=\"kt-row-column-wrap kt-has-2-columns kt-row-layout-left-golden kt-tab-layout-row kt-mobile-layout-row kt-row-valign-top kt-inner-column-height-full\">\n<style>.kadence-column707_c16013-ac > .kt-inside-inner-col{padding-top:0px;padding-right:0px;padding-bottom:0px;padding-left:0px;}.kadence-column707_c16013-ac > .kt-inside-inner-col,.kadence-column707_c16013-ac > .kt-inside-inner-col:before{border-top-left-radius:2rem;border-top-right-radius:2rem;border-bottom-right-radius:2rem;border-bottom-left-radius:2rem;}.kadence-column707_c16013-ac > .kt-inside-inner-col{column-gap:var(--global-kb-gap-sm, 1rem);}.kadence-column707_c16013-ac > .kt-inside-inner-col{flex-direction:column;}.kadence-column707_c16013-ac > .kt-inside-inner-col > .aligncenter{width:100%;}.kadence-column707_c16013-ac > .kt-inside-inner-col:before{opacity:0.3;}.kadence-column707_c16013-ac{position:relative;}@media all and (max-width: 1024px){.kadence-column707_c16013-ac > .kt-inside-inner-col{flex-direction:column;justify-content:center;}}@media all and (max-width: 767px){.kadence-column707_c16013-ac > .kt-inside-inner-col{flex-direction:column;justify-content:center;}}<\/style>\n<div class=\"wp-block-kadence-column kadence-column707_c16013-ac\"><div class=\"kt-inside-inner-col\"><style>.kadence-column707_2bfa26-f7 > .kt-inside-inner-col{padding-top:var(--global-kb-spacing-lg, 3rem);padding-right:var(--global-kb-spacing-xs, 1rem);padding-bottom:var(--global-kb-spacing-sm, 1.5rem);padding-left:var(--global-kb-spacing-xs, 1rem);}.kadence-column707_2bfa26-f7 > .kt-inside-inner-col,.kadence-column707_2bfa26-f7 > .kt-inside-inner-col:before{border-top-left-radius:2rem;border-top-right-radius:2rem;border-bottom-right-radius:2rem;border-bottom-left-radius:2rem;}.kadence-column707_2bfa26-f7 > .kt-inside-inner-col{column-gap:var(--global-kb-gap-sm, 1rem);}.kadence-column707_2bfa26-f7 > .kt-inside-inner-col{flex-direction:column;}.kadence-column707_2bfa26-f7 > .kt-inside-inner-col > .aligncenter{width:100%;}.kadence-column707_2bfa26-f7 > .kt-inside-inner-col{background-color:#ebf4e6;}.kadence-column707_2bfa26-f7 > .kt-inside-inner-col:before{opacity:0.3;}.kadence-column707_2bfa26-f7{position:relative;}@media all and (max-width: 1024px){.kadence-column707_2bfa26-f7 > .kt-inside-inner-col{flex-direction:column;justify-content:center;}}@media all and (max-width: 767px){.kadence-column707_2bfa26-f7 > .kt-inside-inner-col{flex-direction:column;justify-content:center;}}<\/style>\n<div class=\"wp-block-kadence-column kadence-column707_2bfa26-f7\" id=\"mision\"><div class=\"kt-inside-inner-col\"><style>.wp-block-kadence-advancedheading.kt-adv-heading707_b18d7e-39, .wp-block-kadence-advancedheading.kt-adv-heading707_b18d7e-39[data-kb-block=\"kb-adv-heading707_b18d7e-39\"]{padding-bottom:var(--global-kb-spacing-xs, 1rem);padding-left:var(--global-kb-spacing-xs, 1rem);margin-bottom:0px;font-size:27px;line-height:1.2;font-style:normal;color:#549911;}.wp-block-kadence-advancedheading.kt-adv-heading707_b18d7e-39 mark.kt-highlight, .wp-block-kadence-advancedheading.kt-adv-heading707_b18d7e-39[data-kb-block=\"kb-adv-heading707_b18d7e-39\"] mark.kt-highlight{font-style:normal;color:#f76a0c;-webkit-box-decoration-break:clone;box-decoration-break:clone;padding-top:0px;padding-right:0px;padding-bottom:0px;padding-left:0px;}.wp-block-kadence-advancedheading.kt-adv-heading707_b18d7e-39 img.kb-inline-image, .wp-block-kadence-advancedheading.kt-adv-heading707_b18d7e-39[data-kb-block=\"kb-adv-heading707_b18d7e-39\"] img.kb-inline-image{width:150px;vertical-align:baseline;}@media all and (max-width: 767px){.wp-block-kadence-advancedheading.kt-adv-heading707_b18d7e-39, .wp-block-kadence-advancedheading.kt-adv-heading707_b18d7e-39[data-kb-block=\"kb-adv-heading707_b18d7e-39\"]{font-size:22px;}}<\/style>\n<h2 class=\"kt-adv-heading707_b18d7e-39 wp-block-kadence-advancedheading\" data-kb-block=\"kb-adv-heading707_b18d7e-39\">Jurisdicci\u00f3n del EPA Cartagena<\/h2>\n\n\n<style>.kadence-column707_9616c6-39 > .kt-inside-inner-col{padding-top:37px;padding-right:37px;padding-bottom:37px;padding-left:37px;}.kadence-column707_9616c6-39 > .kt-inside-inner-col,.kadence-column707_9616c6-39 > .kt-inside-inner-col:before{border-top-left-radius:24px;border-top-right-radius:24px;border-bottom-right-radius:24px;border-bottom-left-radius:24px;}.kadence-column707_9616c6-39 > .kt-inside-inner-col{column-gap:var(--global-kb-gap-sm, 1rem);}.kadence-column707_9616c6-39 > .kt-inside-inner-col{flex-direction:column;}.kadence-column707_9616c6-39 > .kt-inside-inner-col > .aligncenter{width:100%;}.kadence-column707_9616c6-39 > .kt-inside-inner-col{background-color:#ffffff;}.kadence-column707_9616c6-39 > .kt-inside-inner-col:before{opacity:0.3;}.kadence-column707_9616c6-39{position:relative;}@media all and (max-width: 1024px){.kadence-column707_9616c6-39 > .kt-inside-inner-col{flex-direction:column;justify-content:center;}}@media all and (max-width: 767px){.kadence-column707_9616c6-39 > .kt-inside-inner-col{flex-direction:column;justify-content:center;}}.kadence-column707_9616c6-39 p {margin:0;}<\/style>\n<div class=\"wp-block-kadence-column kadence-column707_9616c6-39\"><div class=\"kt-inside-inner-col\"><style>.wp-block-kadence-advancedheading.kt-adv-heading707_b1c0ea-e8, .wp-block-kadence-advancedheading.kt-adv-heading707_b1c0ea-e8[data-kb-block=\"kb-adv-heading707_b1c0ea-e8\"]{max-width:1080px;font-size:16px;font-style:normal;}.wp-block-kadence-advancedheading.kt-adv-heading707_b1c0ea-e8 mark.kt-highlight, .wp-block-kadence-advancedheading.kt-adv-heading707_b1c0ea-e8[data-kb-block=\"kb-adv-heading707_b1c0ea-e8\"] mark.kt-highlight{font-style:normal;color:#f76a0c;-webkit-box-decoration-break:clone;box-decoration-break:clone;padding-top:0px;padding-right:0px;padding-bottom:0px;padding-left:0px;}.wp-block-kadence-advancedheading.kt-adv-heading707_b1c0ea-e8 img.kb-inline-image, .wp-block-kadence-advancedheading.kt-adv-heading707_b1c0ea-e8[data-kb-block=\"kb-adv-heading707_b1c0ea-e8\"] img.kb-inline-image{width:150px;vertical-align:baseline;}<\/style>\n<p class=\"kt-adv-heading707_b1c0ea-e8 wp-block-kadence-advancedheading\" data-kb-block=\"kb-adv-heading707_b1c0ea-e8\">El acto legislativo No.001 de 1987 confiri\u00f3 a la ciudad de Cartagena de Indias la calidad de Distrito Tur\u00edstico y Cultural y facult\u00f3 al legislador para dictar un estatuto especial que contuviera su r\u00e9gimen fiscal y administrativo y las normas especiales para su fomento econ\u00f3mico, social, cultural, tur\u00edstico e hist\u00f3rico.<\/p>\n\n\n\n<p><br>En desarrollo de la norma jur\u00eddica anterior, se expidi\u00f3 la ley 768 de 2002, la cual adopt\u00f3 el r\u00e9gimen pol\u00edtico, fiscal y administrativo del Distrito, dot\u00e1ndolo de las facultades, instrumentos y recursos necesarios para el cumplimiento de sus funciones y la prestaci\u00f3n de los servicios a su cargo y profundizando en el proceso de descentralizaci\u00f3n administrativa.<\/p>\n\n\n\n<p><br>En este sentido, el art\u00edculo 13 ib\u00eddem, \u201cdesregionaliza\u201d la administraci\u00f3n del medio ambiente dentro del per\u00edmetro urbano y, para este efecto, ordena al Concejo Distrital, la creaci\u00f3n de un establecimiento p\u00fablico para que asuma las mismas funciones de la Corporaci\u00f3n Aut\u00f3noma Regional dentro del per\u00edmetro urbano y en los mismos t\u00e9rminos del art\u00edculo 66 de la ley 99 de 1993.<\/p>\n\n\n\n<p><br>En virtud de lo anterior, el Concejo Distrital de Cartagena, cre\u00f3 el Establecimiento P\u00fablico Ambiental de Cartagena, EPA-Cartagena, mediante el Acuerdo No.029 de 2002, el cual fue modificado y compilado por el Acuerdo No.003 de 2003. El EPA-Cartagena entr\u00f3 en funcionamiento en el mes de septiembre de 2003 y la entidad ha venido desarroll\u00e1ndose en un complejo escenario debido a las m\u00faltiples acciones judiciales emprendidas en su contra por las funciones y recursos asignados por la ley.<\/p>\n\n\n\n<p><br>En los estrados judiciales, perdi\u00f3 m\u00e1s del 90% de los recursos con los cuales inici\u00f3 su funcionamiento, as\u00ed como las funciones ambientales que hab\u00edan sido delegadas por el alcalde para que fueran ejercidas dentro del per\u00edmetro urbano de la cabecera distrital. Por lo anterior, la Alcald\u00eda Mayor de Cartagena comenz\u00f3 a asignar recursos al EPA-Cartagena para su funcionamiento y la inversi\u00f3n en materia ambiental.<\/p>\n<\/div><\/div>\n<\/div><\/div>\n<\/div><\/div>\n\n\n<style>.kadence-column707_beff42-bf > .kt-inside-inner-col{display:flex;}.kadence-column707_beff42-bf > .kt-inside-inner-col{padding-top:var(--global-kb-spacing-xl, 4rem);padding-right:var(--global-kb-spacing-md, 2rem);padding-bottom:var(--global-kb-spacing-lg, 3rem);padding-left:var(--global-kb-spacing-md, 2rem);}.kadence-column707_beff42-bf > .kt-inside-inner-col{min-height:600px;}.kadence-column707_beff42-bf > .kt-inside-inner-col,.kadence-column707_beff42-bf > .kt-inside-inner-col:before{border-top-left-radius:2rem;border-top-right-radius:2rem;border-bottom-right-radius:2rem;border-bottom-left-radius:2rem;}.kadence-column707_beff42-bf > .kt-inside-inner-col{column-gap:var(--global-kb-gap-sm, 1rem);}.kadence-column707_beff42-bf > .kt-inside-inner-col{flex-direction:column;justify-content:flex-start;}.kadence-column707_beff42-bf > .kt-inside-inner-col > .aligncenter{width:100%;}.kt-row-column-wrap > .kadence-column707_beff42-bf{align-self:flex-start;}.kt-inner-column-height-full:not(.kt-has-1-columns) > .wp-block-kadence-column.kadence-column707_beff42-bf{align-self:auto;}.kt-inner-column-height-full:not(.kt-has-1-columns) > .wp-block-kadence-column.kadence-column707_beff42-bf > .kt-inside-inner-col{flex-direction:column;justify-content:flex-start;}.kadence-column707_beff42-bf > .kt-inside-inner-col{background-color:#ebf4e6;background-image:url('https:\/\/epacartagena.gov.co\/web\/wp-content\/uploads\/2025\/05\/img-cienaga-de-las-quintas-manglar-cielo-blanco.jpg');background-size:cover;background-position:33% 62%;background-attachment:scroll;background-repeat:no-repeat;}.kadence-column707_beff42-bf > .kt-inside-inner-col:before{opacity:0.3;}.kadence-column707_beff42-bf{position:relative;}@media all and (max-width: 1024px){.kadence-column707_beff42-bf > .kt-inside-inner-col{padding-top:var(--global-kb-spacing-xl, 4rem);flex-direction:column;justify-content:flex-start;}}@media all and (max-width: 1024px){.kt-row-column-wrap > .kadence-column707_beff42-bf{align-self:flex-start;}}@media all and (max-width: 1024px){.kt-inner-column-height-full:not(.kt-has-1-columns) > .wp-block-kadence-column.kadence-column707_beff42-bf{align-self:auto;}}@media all and (max-width: 1024px){.kt-inner-column-height-full:not(.kt-has-1-columns) > .wp-block-kadence-column.kadence-column707_beff42-bf > .kt-inside-inner-col{flex-direction:column;justify-content:flex-start;}}@media all and (max-width: 767px){.kt-row-column-wrap > .kadence-column707_beff42-bf{align-self:flex-start;}.kt-inner-column-height-full:not(.kt-has-1-columns) > .wp-block-kadence-column.kadence-column707_beff42-bf{align-self:auto;}.kt-inner-column-height-full:not(.kt-has-1-columns) > .wp-block-kadence-column.kadence-column707_beff42-bf > .kt-inside-inner-col{flex-direction:column;justify-content:flex-start;}.kadence-column707_beff42-bf > .kt-inside-inner-col{flex-direction:column;justify-content:flex-start;}}<\/style>\n<div class=\"wp-block-kadence-column kadence-column707_beff42-bf\"><div class=\"kt-inside-inner-col\"><\/div><\/div>\n\n<\/div><\/div><\/div><\/div>\n\n<\/div><\/div>\n\n<style>.kb-row-layout-id707_d1b120-b7 > .kt-row-column-wrap{align-content:start;}:where(.kb-row-layout-id707_d1b120-b7 > .kt-row-column-wrap) > .wp-block-kadence-column{justify-content:start;}.kb-row-layout-id707_d1b120-b7 > .kt-row-column-wrap{column-gap:var(--global-kb-gap-md, 2rem);row-gap:var(--global-kb-gap-md, 2rem);padding-right:var(--global-kb-spacing-sm, 1.5rem);padding-bottom:var(--global-kb-spacing-lg, 3rem);padding-left:var(--global-kb-spacing-sm, 1.5rem);grid-template-columns:minmax(0, 1fr);}.kb-row-layout-id707_d1b120-b7 > .kt-row-layout-overlay{opacity:0.30;}@media all and (max-width: 1024px){.kb-row-layout-id707_d1b120-b7 > .kt-row-column-wrap{padding-right:var(--global-kb-spacing-xxs, 0.5rem);padding-bottom:var(--global-kb-spacing-xs, 1rem);padding-left:var(--global-kb-spacing-xxs, 0.5rem);grid-template-columns:minmax(0, 1fr);}}@media all and (max-width: 767px){.kb-row-layout-id707_d1b120-b7 > .kt-row-column-wrap{grid-template-columns:minmax(0, 1fr);}}<\/style><div class=\"kb-row-layout-wrap kb-row-layout-id707_d1b120-b7 alignnone wp-block-kadence-rowlayout\"><div class=\"kt-row-column-wrap kt-has-1-columns kt-row-layout-equal kt-tab-layout-inherit kt-mobile-layout-row kt-row-valign-top\">\n<style>.kadence-column707_c6ea7a-a7 > .kt-inside-inner-col,.kadence-column707_c6ea7a-a7 > .kt-inside-inner-col:before{border-top-left-radius:0px;border-top-right-radius:0px;border-bottom-right-radius:0px;border-bottom-left-radius:0px;}.kadence-column707_c6ea7a-a7 > .kt-inside-inner-col{column-gap:var(--global-kb-gap-sm, 1rem);}.kadence-column707_c6ea7a-a7 > .kt-inside-inner-col{flex-direction:column;}.kadence-column707_c6ea7a-a7 > .kt-inside-inner-col > .aligncenter{width:100%;}.kadence-column707_c6ea7a-a7 > .kt-inside-inner-col:before{opacity:0.3;}.kadence-column707_c6ea7a-a7{position:relative;}@media all and (max-width: 1024px){.kadence-column707_c6ea7a-a7 > .kt-inside-inner-col{flex-direction:column;justify-content:center;}}@media all and (max-width: 767px){.kadence-column707_c6ea7a-a7 > .kt-inside-inner-col{flex-direction:column;justify-content:center;}}<\/style>\n<div class=\"wp-block-kadence-column kadence-column707_c6ea7a-a7\"><div class=\"kt-inside-inner-col\">\n<figure class=\"wp-block-image size-full\"><img loading=\"lazy\" decoding=\"async\" width=\"2560\" height=\"2048\" src=\"https:\/\/epacartagena.gov.co\/web\/wp-content\/uploads\/2023\/03\/Cartagena-Area-Urbana-2023-03-09-scaled.jpg\" alt=\"Cartagena, \u00c1rea Urbana 2023-03-09\" class=\"wp-image-9796\" srcset=\"https:\/\/epacartagena.gov.co\/web\/wp-content\/uploads\/2023\/03\/Cartagena-Area-Urbana-2023-03-09-scaled.jpg 2560w, https:\/\/epacartagena.gov.co\/web\/wp-content\/uploads\/2023\/03\/Cartagena-Area-Urbana-2023-03-09-300x240.jpg 300w, https:\/\/epacartagena.gov.co\/web\/wp-content\/uploads\/2023\/03\/Cartagena-Area-Urbana-2023-03-09-1024x819.jpg 1024w, https:\/\/epacartagena.gov.co\/web\/wp-content\/uploads\/2023\/03\/Cartagena-Area-Urbana-2023-03-09-768x614.jpg 768w, https:\/\/epacartagena.gov.co\/web\/wp-content\/uploads\/2023\/03\/Cartagena-Area-Urbana-2023-03-09-1536x1229.jpg 1536w, https:\/\/epacartagena.gov.co\/web\/wp-content\/uploads\/2023\/03\/Cartagena-Area-Urbana-2023-03-09-2048x1638.jpg 2048w\" sizes=\"auto, (max-width: 2560px) 100vw, 2560px\" \/><\/figure>\n<\/div><\/div>\n\n<\/div><\/div>","protected":false},"excerpt":{"rendered":"<p>Jurisdicci\u00f3n del EPA Cartagena El acto legislativo No.001 de 1987 confiri\u00f3 a la ciudad de Cartagena de Indias la calidad de Distrito Tur\u00edstico y Cultural y facult\u00f3 al legislador para dictar un estatuto especial que contuviera su r\u00e9gimen fiscal y administrativo y las normas especiales para su fomento econ\u00f3mico, social, cultural, tur\u00edstico e hist\u00f3rico. En&#8230;<\/p>\n","protected":false},"author":1,"featured_media":0,"parent":695,"menu_order":0,"comment_status":"closed","ping_status":"closed","template":"","meta":{"_acf_changed":false,"_kad_post_transparent":"","_kad_post_title":"","_kad_post_layout":"fullwidth","_kad_post_sidebar_id":"","_kad_post_content_style":"unboxed","_kad_post_vertical_padding":"hide","_kad_post_feature":"","_kad_post_feature_position":"","_kad_post_header":false,"_kad_post_footer":false,"_kad_post_classname":"","_vp_format_video_url":"","_vp_image_focal_point":[],"footnotes":""},"class_list":["post-707","page","type-page","status-publish","hentry"],"acf":[],"_links":{"self":[{"href":"https:\/\/epacartagena.gov.co\/web\/wp-json\/wp\/v2\/pages\/707","targetHints":{"allow":["GET"]}}],"collection":[{"href":"https:\/\/epacartagena.gov.co\/web\/wp-json\/wp\/v2\/pages"}],"about":[{"href":"https:\/\/epacartagena.gov.co\/web\/wp-json\/wp\/v2\/types\/page"}],"author":[{"embeddable":true,"href":"https:\/\/epacartagena.gov.co\/web\/wp-json\/wp\/v2\/users\/1"}],"replies":[{"embeddable":true,"href":"https:\/\/epacartagena.gov.co\/web\/wp-json\/wp\/v2\/comments?post=707"}],"version-history":[{"count":6,"href":"https:\/\/epacartagena.gov.co\/web\/wp-json\/wp\/v2\/pages\/707\/revisions"}],"predecessor-version":[{"id":26164,"href":"https:\/\/epacartagena.gov.co\/web\/wp-json\/wp\/v2\/pages\/707\/revisions\/26164"}],"up":[{"embeddable":true,"href":"https:\/\/epacartagena.gov.co\/web\/wp-json\/wp\/v2\/pages\/695"}],"wp:attachment":[{"href":"https:\/\/epacartagena.gov.co\/web\/wp-json\/wp\/v2\/media?parent=707"}],"curies":[{"name":"wp","href":"https:\/\/api.w.org\/{rel}","templated":true}]}}